) - (-4 + -4)?
23
Calculate 14 + -8 - (0 + 14).
-8
What is (12 + -2 - -1) + -8?
3
What is 57 + (-32 - (17 + -29 + 0))?
37
Calculate (-8 - 3 - (25 + -12)) + (5 - 3).
-22
Evaluate -12 + 5 + 0 + 6 - 7 - -17.
9
7 - ((-9 + 16 - 1) + -21 - -8)
14
11 - (56 + -24) - -27
6
Calculate 4 - (10 - -6 - -8) - -8.
-12
(-18 - -11 - 2 - -16) + -37
-30
Calculate -29 - (-10 + (-6 - -9) - 4).
-18
Calculate -1 - (1 - -15) - (-138 + 137) - -10.
-6
What is the value of -4 + (-22 - -39) + 1 + -7 + -8?
-1
Calculate (7 + -2 + 2 - 3) + -6.
-2
Calculate 0 - (0 - (-11 + 13 + 12)).
14
17 - (-28 - -20 - (0 + -1))
24
What is 21 + -40 - (-13 + 9)?
-15
What is the value of (-9 - -28) + -13 + 1?
7
What is (5 - (-3 + 3)) + 0 + -3?
2
Evaluate -6 + (17 - 9) + 4.
6
What is 2 - -24 - (-9 + (-1 - -1 - -7))?
28
-16 - (7 - 0 - 13)
-10
Evaluate -186 - -160 - (0 + -5).
-21
What is the value of -10 + -2 - (5 - 1 - 4)?
-12
What is the value of (4 - 5) + 6 + (1 - -8)?
14
What is 9 - ((-4 - -3) + (-3 - -13))?
0
0 + 5 + (7 - 9) + -5
-2
Evaluate 4 + -1 + 3 - 1 - (-1 + 3).
3
What is 0 - -3 - (-2 - -26 - 24) - 2?
1
23 - 6 - -5 - (-2 - -10)
14
What is the value of 16 - (1 + -3 + 1 - (9 + -13))?
13
What is -199 - -207 - (2 + -10)?
16
Evaluate 244 + -229 - (4 + 26).
-15
(-21 - (-12 - -13)) + 34
12
Evaluate (1 - -10) + (-309 - -300).
2
8 - ((3 - 4) + 3 + 7) - -3
2
Calculate -108 + 90 + (-9 - (-3 - 4)).
-20
What is the value of (12 - (15 - -1)) + 2?
-2
What is 12 - (10 + -7) - 17 - -15?
7
Calculate -7 + 10 + -9 - -9 - (-3 - 9).
15
Evaluate 11 - (7 + -11 + 13).
2
What is -12 - (-8 - -5) - 2?
-11
(-5 - (0 + -9)) + -1 - (7 - -9)
-13
3 + 2 + -5 - (15 + -4)
-11
What is the value of -6 + 7 + 17 + -36?
-18
-18 + -1 + 1 + -1007 + 1020
-5
What is the value of (-9 - -10 - 4) + 9 - -5?
11
(7 - -2 - -21) + -19
11
What is the value of -11 + (4 - 0 - -6)?
-1
(-4 - -4) + (-8 - -16) + (5 - 7)
6
What is 405 + -405 + 16 + -1?
15
What is the value of -34 - -5 - 23 - -38?
-14
28 + (5 + -10 + 12 - 18 - -16)
33
What is the value of (-12 - (2 + -8) - -16) + -17?
-7
-10 - (53 + -49 + (-42 - (0 - 1)))
27
Calculate 12 + (-18 - (-17 - -8)).
3
Evaluate 6 - 16 - -19 - (0 - 4).
13
Evaluate (9 - 4) + 2 + (-3 + 5 - 23).
-14
Evaluate 10 + (22 - (10 - -6)).
16
What is 15 + -13 + 0 - (9 + 0) - 21?
-28
What is (-6 - -13) + 2 + -6?
3
Evaluate 3 - (-12 + 33 - 34).
16
Evaluate (2 - (15 + (17 - 33))) + -15.
-12
What is 14 + -3 + 5 + -2?
14
What is -519 - -548 - (-2 + -1)?
32
What is (-7 - (-8 + 3 + 0)) + 23?
21
What is -10 + (3 - (13 - (1 - -15)))?
-4
Calculate -4 - (1 + (0 - -8) - (516 - 511)).
-8
Calculate -8 - (15 + 6 - 12 - 15).
-2
Evaluate 0 + -12 + 12 + 2 + -2.
0
Calculate 8 + 0 - (-19 + (-27 - -11) + 30).
13
What is the value of 8 + 2 + 0 + -436 + 406?
-20
(-54 - (28 + -52)) + 36
6
Calculate (2 - 16 - (-51 - -43)) + 1 + 23.
18
What is 28 - 32 - -7 - (2 - 14)?
15
Calculate -5 + 32 - (1 + 6) - -4.
24
Evaluate (-8 - (10 + -23)) + -3 + 1 + 7.
10
What is (-24 - (22 + -40)) + -1 + 3?
-4
Evaluate -10 + 2 + 22 + -4 + -3 + 5.
12
Evaluate -11 + (7 - -4) + -6.
-6
Calculate (-2 - (1 - 2)) + 44 + -47.
-4
What is 9 - -1 - (99 + -103) - 39?
-25
-2 - (-7 - (14 - 28))
-9
What is (5 - -2) + -2 + -13 - (4 + -4)?
-8
What is the value of 10 + 17 - 35 - (0 - 20)?
12
-21 - (-14 - -36 - 2 - (0 - -11))
-30
Evaluate -6 - (5 - (-3 - -13)) - (1 + 1).
-3
(6 - (4 + 5)) + -8 + -5 + 5
-11
6 + 17 + (-6 - 29)
-12
Evaluate (4 - 9) + (-11 - -8) + 16 + 3.
11
-40 + 10 + 20 - (0 - -11)
-21
Evaluate -1 + (-6 - -13) + -24 + 4 + 3.
-11
What is (6 - (-11 + 13) - (-5 - 1)) + -49?
-39
What is the value of -1 - 7 - ((-38 + 9 - -16) + -15)?
20
Calculate 0 + -12 - (-24 + -10 + 37).
-15
What is -379 + 383 + (-1 - 2)?
1
What is (2 - 3 - -1) + 7 - (-637 + 651)?
-7
Calculate 6 + (-15 - (2 + -10)) - 11.
-12
What is -3 + -14 - (-3 - (17 - 13))?
-10
5 + 3 - (-8 + 6 + 4)
6
Calculate -21 + 1 + -9 + (-7 - -14).
-22
Calculate (-2 - 21 - (-2 + -3)) + 3.
-15
Evaluate 127 - 119 - (-19 - -2).
25
What is the value of (-29 - -1) + -4 + 2 + (-670 - -675)?
-25
(59 - 81) + 6 + -2
-18
Evaluate -120 + 119 + (1 - -18).
18
Evaluate 19 - (46 + -18) - 3.
-12
What is the value of 14 + 12 + -29 - -15?
12
0 - (6 - 9) - 15
-12
(3 - (1 + -4 + 6)) + (49 - 68)
-19
What is (15 - 35) + 15 + (1 - -19)?
15
Evaluate 18 + -12 + -1 + -7.
-2
Calculate 12 - (-30 + (8 - 0)).
34
(-1 - -17) + -195 + 197
18
(-485 - -470) + (2 - 4 - -18)
1
Calculate (0 + -2 - 4) + (-41 - -27).
-20
Calculate 5 - 0 - (-7 - (11 - (-14 - -20))).
17
Evaluate (1 - 8) + 13 - -3 - 0.
9
What is 10 + (3 - 34) + 19?
-2
What is the value of (-23 - (-43 - -15)) + (10 - -1)?
16
(-7 - (6 + -22)) + -8 - -9
10
Calculate 5 + (-7 - 2) + -3 + 2 + 3.
-2
What is the value of (72 - 70) + 0 + -10 - -6 - -8?
6
What is 4 + (3 - 1) - (-6 - (-13 - 9))?
-10
Calculate 7 - ((7 + -3 - -15) + 8 + -9).
-11
-9 - (33 - (-1 + 14)) - -11
-18
(17 - 20) + (4 - 13 - (-6 + 0))
-6
Calculate 3 + (4 - 15) + -6.
-14
What is 18 + (-24 - -16 - 9)?
1
What is the value of -22 + 14 + 20 + -18?
-6
What is -1 + -15 - (195 + -218)?
7
Evaluate 51 - (61 + -39 - -3).
26
(0 - 24) + (-254 - -259)
-19
What is 32 + (-6 - (12 - 3) - (-12 + 9))?
20
4 + -14 - (-193 + 183)
0
What is -3 - 20 - (-52 - -35)?
-6
What is -6103 - -6099 - (-2 + -11 + -1 + 0)?
10
What is (1 - (-14 + 37)) + 12?
-10
15 - (-6 + (1 - -10))
10
3 + (-1 - 15) + 2
-11
Evaluate 1 + 2 + -9 + 3 + 229 + -224.
2
Calculate 19 + 81 + -34 + -42.
24
Calculate (6 - (-9 - -2)) + -7 + 15.
21
5 + -4 + 5 + 2 - (-16 - -31)
-7
What is the value of -36 - (24 - 40 - -9 - (1 + -2))?
-30
Calculate -32 + (0 - -11) + -1 + (43 - 43).
-22
5 - 13 - (-4 - (3 + (-8 - -4)))
-5
What is the value of (-35 - 0) + -141 + 162?
-14
Evaluate -12 + 5 + (-2 - -43) + 3 + -8.
29
What is the value of 7 + (8 - -1 - (19 - (7 - 5)))?
-1
-1 + (33 - (-6 + 27))
11
Evaluate 23 + -1 + (166 - 201).
-13
Evaluate (-78 - -72) + 4 + -4.
-6
14 - 9 - (-21 - (-32 - 4))
-10
What is (-9 - -1) + 12 + -8 - (4 + 5)?
-13
What is the value of (0 - (-1 + -10)) + (-127 - -110)?
-6
What is -7 + -5 + 10 + 0 + 0 + 8?
6
Evaluate -3 + (0 - (2 + 4 + -8) - 4).
-5
Calculate -4 + -1 + 11 + (8 - (1 - -8)).
5
Calculate -12 - -10 - -12 - (3 + -4 - 12).
23
Calculate 6 - (1 - 3 - (-4 - (4 + -5))).
5
Calculate (2 - 0) + 4 + -4 - (-23 + 41).
-16
What is -86 + 66 + (2 - -2)?
-16
What is the value of (2 - 7) + 2 + (5 - 0) + -6?
-4
Evaluate 2 + (-27 - -22) + 26.
23
What is (-5 - -7 - -13) + -32?
-17
What is 21 + 0 + -5 + -7 + (-7 - -8)?
10
Evaluate (18 - 24) + -11 + 8.
-9
What is 1 + ((-5 - -3) + 1 + -3 - -1)?
-2
-42 - (66 + -100) - (2 + -1)
-9
What is the value of -324 + 327 + (-1 - -5)?
7
Calculate 3 - (-16 + 7 - -6).
6
Calculate 9 - (5 - 2) - (0 + -4).
10
What is 16 - (-7 - -2 - -9) - (13 - 6)?
5
Calculate -2 - (37 + (-5 - 15)).
-19
Evaluate (20 + 10 - 13) + (3 - 6).
14
-12 - (24 - (92 - 20))
36
What is the value of 38 + -2 - (87 - 43)?
-8
Calculate 3 + -1 + 7 + 309 + -325 - 4.
-11
Calculate -2 - -6 - (-93 - -90).
7
What is the value of -7 + (28 - 7) + (22 - 31)?
5
Evaluate 1 + 6 - ((-1 - 7) + -5 + 13).
7
Calculate 12 - (-12 + (28 - 13)).
9
(50 - 42 - 19) + 8
-3
(7 - (0 - (-11 - -9))) + -13 + -15
-23
Calculate -2 + (-15 - 0) + (7 + 2 - 6).
-14
(10 - (-6 - (-5 + -7))) + -14 + 3
-7
(85 + -90 - (-1 - 2)) + -4
-6
-6 + -2 + (-20 - ((-67 - 5) + 18))
26
What is the value of -13 + 2 + (15 - (-50 - -30))?
24
Evaluate -12 + (2 + 0 - (7 + (-10 - -4))).
-11
What is the value of 3 + -1 + (9 - -15 - 14)?
12
-22 - (-10 - -1) - -22
9
What is 1708 + -1679 - (1 - -40)?
-12
Evaluate -5 + 15 + -1 + -11.
-2
Calculate -15 - (22 + -42) - -5.
10
Calculate 4 + (-4 - -12 - 6) + -13 + -1.
-8
Evaluate 0 + -8 - (13 + -6 + -3).
-12
What is -17 - (-27 - (-37 - -17))?
-10
What is 2 - -2 - (-1 + -12 + 20)?
-3
What is the value of -3 - 10 - -10 - -7?
4
-6 - -4 - (-29 + (-10 - (-7 - 10)))
20
What is the value of 0 - (4 + -1) - (-13 + 14)?
-4
Evaluate 24 - (47 - (3 + 13)).
-7
What is the value of 4 - -4 - (2 - (1 + -7))?
0
What is 5 - (7 - 5) - (-16 + -2 - -22)?
-1
Calculate (24 - (1 + 6)) + -41.
-24
What is the value of 45 + (18 - 84) + (-1 + 1 - 1)?
-22
What is (-152 - -151) + 5 + (-1 - -1)?
4
What is the value of -8 - ((3 - 0) + 11)?
-22
Evaluate (4 - -1 - (0 + -4 - -4)) + -6.
-1
Evaluate -27 - ((-59 - -39) + 12 + -1).
-18
What is (-30 - (38 + -88